first derivative of p**4/4 - 7*p**3/3 + p**2 + 2. Determine a(b).
14
Let s(x) = -5*x**3 - x - 1. Let v be s(-1). Let a be -1 + v + 2 + 0. Let i(w) = 9 + 2*w - 4 - w**2 - a*w. Determine i(-5).
0
Let q = 38 + -36. Suppose 2*o + 2*w - 2 = 12, -2*w = -4*o - 2. Let b(k) = 5*k - k**2 - q*k**o - k**2 + 2 + 3*k**2. Determine b(4).
6
Let c(q) be the second derivative of -q**4/24 - 4*q**3/3 - q**2/2 - 6*q. Let f(s) be the first derivative of c(s). Determine f(-5).
-3
Let l(m) = -3*m - 4. Suppose 14 = -6*t - 4. Calculate l(t).
5
Suppose 3*t - 6 = -3*m, 4 = 3*m + 2*t - 2. Let h(u) be the first derivative of u**2/2 - 4. Let y(n) = 3*n + 1. Let w(q) = -5*h(q) + y(q). Determine w(m).
-3
Let c(j) = 6 - j + 0*j + 6. Let k be c(12). Let a(w) = 20*w**2 - 18. Let y(m) = 7*m**2 - 6. Let n(x) = 6*a(x) - 17*y(x). Determine n(k).
-6
Let c(a) = a + 1. Let u(w) = 2 - 4 + 1 + 2. Let l(j) = 4*c(j) - 5*u(j). Let z be -1*(0 - 1) - 2. Calculate l(z).
-5
Suppose -2*s - 25 = 3*s. Let v(g) = -2*g + 3 + 3*g - 6*g**2 - g**3 - 3*g. What is v(s)?
-12
Let a = 32 - 28. Let k(n) = n**2 - 4*n - 1. Give k(a).
-1
Let u(z) = z**2 + 6. Let n = -7 + 22. Suppose 3*j + 5*o - 13 + 38 = 0, 0 = -j + 3*o + n. Give u(j).
6
Let p(f) = -43*f**2 + 17*f - 14. Let h(j) = 14*j**2 - 6*j + 5. Let m(c) = 11*h(c) + 4*p(c). Calculate m(1).
-17
Let d(w) = -w - 1 + w**2 + 0 + 3 - 6*w. Let q = 8 + -3. What is d(q)?
-8
Suppose -5 = 2*o - 3. Let b(c) = -5*c**2 + 2*c + 1. Let g be b(o). Let p(z) = -z + 2. Give p(g).
8
Let p(y) = 5*y**3. Let a be p(1). Suppose -21 = -a*q + 4. Let j(d) = -d + 6. Determine j(q).
1
Let z(m) = m**2 + 5*m + 1. Let h(y) = 2*y - 2 + 0*y + 1. Let q be 4/(-10) - (-40)/(-25). Let t be h(q). What is z(t)?
1
Let z(r) = -2 - 1 - 168*r + 167*r. What is z(3)?
-6
Suppose 5*g - 6*v = -2*v - 21, -2*v = 2*g - 6. Let u(z) = -1 + z**2 + 1 - 3*z**3 + 7*z**3. Give u(g).
-3
Let u be -1 + 6/(-4 + 6). Let f(n) = n**2 + 2*n - 3. What is f(u)?
5
Let h(i) = 6*i + 5 + 22*i**3 - 12*i**3 - 9*i**3 - 8*i**2. Determine h(7).
-2
Let q(o) = o**3 - 5*o**2 - 5*o - 7. Suppose 2*v = -0*v. Suppose -6*h + h + 5*n = -50, v = 4*h + 5*n + 5. Suppose -29 = -h*s + 1. Give q(s).
-1
Let j(o) = o**2 - 8*o + 4. Let z be j(8). Let d = z + -7. Let q(s) = -s**3 - 3*s**2 - s + 1. Calculate q(d).
4
Let m(j) = -j**2 - 6*j + 4. Suppose 0 = -4*z + 3 + 25. Let t = z - 12. Calculate m(t).
9
Suppose 2*t = 5*g - 2, -2*t - g = -0*g - 10. Let d(h) be the second derivative of -h**4/12 + h**3 - 3*h**2 + 11*h. What is d(t)?
2
Let o(h) = -11*h + 19*h - 3*h**2 - 2 - 10*h. What is o(-2)?
-10
Let q(m) = m**3 + 4*m**2 + m - 1. Let i = 21 + -15. Suppose -i*r - 3 = -5*r. Calculate q(r).
5
Let i(k) = -4*k - 1. Let q(l) = -7*l - 2. Let p(w) = -10*i(w) + 6*q(w). What is p(3)?
-8
Let o be (-5)/10*5*2. Let w(u) = -2*u - 4. Give w(o).
6
Suppose -f + 5*f = 16. Let k(j) be the first derivative of 8*j - j**2 - 2*j + 3 - 5. Determine k(f).
-2
Let q(j) be the second derivative of -13*j**5/20 + j**4/12 + j**3/6 + 21*j. What is q(-1)?
13
Let u(d) = -2*d + 1. Let m(o) = 3*o - 2. Let s(l) = 4*m(l) + 5*u(l). Give s(4).
5
Let c(h) = h**2 - 1. Let o(g) = g**2 + 2*g - 5. Let w be o(-4). Suppose 0 = w*l - l - 2. Suppose -l = -s, -4*v - s = -5*v. Give c(v).
0
Let p = -68 + 74. Let w(g) = g**2 - 7. What is w(p)?
29
Let t(n) be the first derivative of n**2/2 - 5*n - 6. Give t(3).
-2
Let y(q) = 2*q - 1. Let r(a) = -a. Let w(c) = 2*c + 3. Let f(t) = -3*r(t) - w(t). Let m be f(6). Suppose m*p = -0*p + 3. Determine y(p).
1
Let c = -2 + 6. Suppose -6 = -j - 2*x, -9 = -4*j - x + 1. Let v(s) = 6*s**3 - 3*s**j + 9 - 3 - 5*s**3 - 6*s. Determine v(c).
-2
Let x = 17 + -17. Let a(u) be the third derivative of -u**5/60 + u**4/24 + 2*u**3 + u**2. Calculate a(x).
12
Let u(z) = -z**3 - 4. Let m = -9 + 14. Suppose 5*v + 23 = -2. Let t = v + m. Determine u(t).
-4
Let q = 7 - 4. Let x be q/(-2)*8/(-6). Let a(r) = -r**2 - 3 + r + r**3 + 4*r**x - 5*r. What is a(-3)?
9
Suppose 27 - 30 = -g. Let n(h) be the third derivative of 0*h + 1/120*h**6 - 1/15*h**5 + 2/3*h**g + 0*h**4 + 0 + 3*h**2. Determine n(4).
4
Let u(a) be the second derivative of a**4/12 + a**3/6 + 5*a**2/2 + 2*a. What is u(-4)?
17
Suppose 4*a + 3 + 21 = 2*w, 4*w = -3*a - 18. Let l(c) = 5*c - 22*c**3 + 60*c**2 + 23*c**3 + 7 - 53*c**2. What is l(a)?
13
Let z(n) = n**3 - 2. Let x be 1*(-5 + 4 - 0). Let o = 1 - x. Calculate z(o).
6
Let u(o) be the second derivative of -o**4/12 + o**3/6 + 2*o**2 - 12*o. Give u(3).
-2
Let s be (-4 - (-11 - 2)) + -1. Let w(x) = -x**2 + 8*x + 9. What is w(s)?
9
Let k(p) = -5*p + 6. Let q(h) = -3*h + 4. Let s = -14 - -22. Let y(i) = s*q(i) - 5*k(i). Calculate y(-5).
-3
Let r(o) = 11*o. Let a(f) = 182*f - 39*f + 78*f + 121*f. Let i(w) = -2*a(w) + 63*r(w). What is i(-1)?
-9
Let g(i) = -i + 4. Let o(s) = 3*s - 12. Let u(b) = -11*g(b) - 4*o(b). Let d be u(7). Let j(h) = h**3 + h**2 - 4*h - 4. Determine j(d).
-10
Let y = -191 - -389/2. Let w(o) be the second derivative of 0 + 3*o - y*o**2 + 1/6*o**3. Calculate w(0).
-7
Suppose b - 25 = 6*b. Let q(z) = z**3 + 5*z**2 + z + 3. What is q(b)?
-2
Let x(k) = k + 13. Let c be x(-11). Let h(j) = j**3 - 4*j**2 + 3*j - 3. Determine h(c).
-5
Suppose -4*q = -k + 12 + 8, -16 = -4*k. Let f(g) = 3 + 0 + 1 - g**2. Give f(q).
-12
Let o(f) be the third derivative of f**4/24 + 2*f**3/3 + 3*f**2. Give o(0).
4
Let d(m) = -2*m - 13. Let f(c) = c + 6. Let y(v) = -6*d(v) - 13*f(v). Give y(-5).
5
Let l = 0 - 0. Let g(q) be the second derivative of -q**6/120 + q**4/24 + q**2 + 3*q. Let u(w) be the first derivative of g(w). What is u(l)?
0
Let l(x) = -5*x**2 - 30 + 31 + 0*x**2. Suppose 0 = -0*d + d - 1. What is l(d)?
-4
Suppose 5*o - 4*o + 15 = 4*i, 3*o = 4*i - 13. Let b(z) = 0*z + 0 - 5 + z**2 + 6*z - 2*z**2. What is b(i)?
3
Let n(o) = 3*o**2 + 5*o - 2. Let y(p) = 7*p**2 + 11*p - 4. Suppose 2*w - 2 = 8. Let x(t) = w*n(t) - 2*y(t). What is x(-4)?
2
Let r be 310/(-70) - (-1)/7*3. Let i(n) = 2 + 2*n - 2 + 2. Give i(r).
-6
Let s(o) be the first derivative of -o**6/120 + 3*o**5/20 - 7*o**4/24 - 5*o**3/3 + 3*o**2 - 8. Let w(y) be the second derivative of s(y). Calculate w(8).
-2
Suppose -d + 2 = -0*d. Let g = d - 0. Let j(k) be the second derivative of k**5/20 - k**4/6 + k**2 + 8*k. What is j(g)?
2
Let a(k) = -k**2 - 4*k - 5. Let g be a(-4). Let s(j) be the third derivative of -j**6/120 - j**5/12 + j**4/8 + j**3 - 16*j**2. Give s(g).
-9
Let s(h) be the third derivative of h**4/24 - h**3 + 23*h**2. Calculate s(5).
-1
Let c(k) = -13*k**2 + 7*k**2 + 4*k + 0*k**2 - 6 + 7*k**2. Determine c(-5).
-1
Let t be 15/(-10)*(-24)/(-9). Let w(l) = -l**2 + l**3 - l + 4 + 4*l**2 + 4*l**2 - 4*l**2. Give w(t).
-8
Let l(z) = 2*z**2 - 2. Let x = 19 - 10. Let b = -9 - -13. Suppose 3*c + b*y = -0*y - 6, 3*c = y + x. Give l(c).
6
Let q(l) = -9*l**2 - 4*l + 0 + 0*l**2 + 7 - 1. Let k(i) = -5*i**2 - 2*i + 3. Let w(b) = -11*k(b) + 6*q(b). Let x(z) = z + 7. Let p be x(-5). Calculate w(p).
3
Let z(q) = -q**2 + 6*q + 8. Let i be z(7). Let f be (-4)/8*10*i. Let l(d) = 4 - 1 + 0*d + d**2 + 5*d. Give l(f).
3
Let i(n) = n + 11. Suppose 5*k + 24 = k. Give i(k).
5
Let a(t) = -4*t - 8. Let v(l) = -l - 3. Suppose -3*h = q + 4, 0*q - 12 = -q + h. Let d(b) = q*v(b) - 3*a(b). Calculate d(-1).
-4
Let l(g) = g**2 + g + 1. Let d(c) = 2*c**2 + c + 8. Let r(f) = d(f) - l(f). Calculate r(0).
7
Let x be (-2 + 16/6)*3. Let f(p) = p - 1. Give f(x).
1
Let a(k) = k**3 + 4*k**2 + 4*k + 1. Let n = -12 - -9. Give a(n).
-2
Suppose 0 = -5*t - 5*d - 0*d - 20, 0 = 4*t - 3*d - 12. Let z(a) be the first derivative of a**3/3 - a**2/2 + 8*a - 9. Give z(t).
8
Let k(y) = y**3 - y. Suppose 0*o = 4*o - 8. Suppose -o*a = 1 - 3. What is k(a)?
0
Let q(j) be the second derivative of -7*j**3/3 - j**2/2 - 3*j. What is q(1)?
-15
Let j(c) = -6*c**2 - 5*c - 2. Let k(p) = -7*p**2 - 6*p - 1. Let y(u) = 6*j(u) - 5*k(u). Suppose -4*w = w. What is y(w)?
-7
Let g(j) be the second derivative of -j**4/6 + j**3/2 + 3*j**2/2 - 4*j. What is g(3)?
-6
Let t(n) = 2*n - 9. Let r be t(6). Let o(i) = -8*i + 1 - 5*i**2 + 5 + 3*i**2 + r*i**2. Calculate o(6).
-6
Let f(g) be the first derivative of g**4/4 + 5*g**3/3 + 5*g**2/2 + 4*g + 1. Suppose -3*m + h + 57 = 0, 3*h - 15 = -2*h. Let b = 17 - m. Determine f(b).
7
Let r(w) = -2*w**2 + 3*w. Suppose 2*j = 3*j - 3. Give r(j).
-9
Let q(i) be th